n 273 is divided by 45.
3
What is the remainder when 124 is divided by 36?
16
What is the remainder when 67 is divided by 16?
3
Calculate the remainder when 1804 is divided by 13.
10
What is the remainder when 70 is divided by 66?
4
What is the remainder when 8700 is divided by 161?
6
What is the remainder when 6862 is divided by 16?
14
What is the remainder when 322 is divided by 18?
16
What is the remainder when 51 is divided by 20?
11
Calculate the remainder when 2646 is divided by 68.
62
What is the remainder when 537 is divided by 63?
33
Calculate the remainder when 160 is divided by 75.
10
Calculate the remainder when 81 is divided by 4.
1
What is the remainder when 775 is divided by 17?
10
Calculate the remainder when 3741 is divided by 32.
29
What is the remainder when 298 is divided by 37?
2
What is the remainder when 643 is divided by 25?
18
What is the remainder when 502 is divided by 24?
22
What is the remainder when 16 is divided by 6?
4
What is the remainder when 10 is divided by 4?
2
Calculate the remainder when 10703 is divided by 30.
23
Calculate the remainder when 145 is divided by 130.
15
What is the remainder when 61 is divided by 21?
19
Calculate the remainder when 2036 is divided by 89.
78
What is the remainder when 12 is divided by 1?
0
What is the remainder when 895 is divided by 41?
34
Calculate the remainder when 91 is divided by 59.
32
What is the remainder when 417 is divided by 38?
37
What is the remainder when 115 is divided by 78?
37
What is the remainder when 21 is divided by 12?
9
Calculate the remainder when 949 is divided by 258.
175
Calculate the remainder when 113 is divided by 6.
5
What is the remainder when 97 is divided by 27?
16
What is the remainder when 118 is divided by 10?
8
Calculate the remainder when 41 is divided by 34.
7
What is the remainder when 110 is divided by 11?
0
Calculate the remainder when 213 is divided by 51.
9
What is the remainder when 1659 is divided by 151?
149
Calculate the remainder when 148 is divided by 15.
13
What is the remainder when 5193 is divided by 98?
97
Calculate the remainder when 295 is divided by 9.
7
Calculate the remainder when 10277 is divided by 87.
11
What is the remainder when 308 is divided by 63?
56
What is the remainder when 502 is divided by 475?
27
Calculate the remainder when 99 is divided by 35.
29
What is the remainder when 303 is divided by 34?
31
What is the remainder when 294 is divided by 30?
24
Calculate the remainder when 182 is divided by 17.
12
Calculate the remainder when 212 is divided by 81.
50
What is the remainder when 544 is divided by 218?
108
What is the remainder when 520 is divided by 105?
100
What is the remainder when 83 is divided by 81?
2
What is the remainder when 202 is divided by 68?
66
Calculate the remainder when 1248 is divided by 25.
23
Calculate the remainder when 83 is divided by 55.
28
Calculate the remainder when 832 is divided by 24.
16
Calculate the remainder when 505 is divided by 13.
11
Calculate the remainder when 35 is divided by 13.
9
Calculate the remainder when 206 is divided by 72.
62
What is the remainder when 598 is divided by 36?
22
What is the remainder when 83 is divided by 78?
5
What is the remainder when 164 is divided by 5?
4
What is the remainder when 5012 is divided by 209?
205
What is the remainder when 35 is divided by 4?
3
Calculate the remainder when 27071 is divided by 192.
191
What is the remainder when 719 is divided by 173?
27
Calculate the remainder when 480 is divided by 21.
18
Calculate the remainder when 231 is divided by 50.
31
Calculate the remainder when 184 is divided by 38.
32
What is the remainder when 7541 is divided by 204?
197
What is the remainder when 23 is divided by 11?
1
What is the remainder when 3433 is divided by 48?
25
What is the remainder when 2895 is divided by 14?
11
Calculate the remainder when 123 is divided by 102.
21
Calculate the remainder when 3149 is divided by 15.
14
What is the remainder when 266 is divided by 124?
18
Calculate the remainder when 9952 is divided by 28.
12
What is the remainder when 183 is divided by 86?
11
Calculate the remainder when 44 is divided by 18.
8
What is the remainder when 170 is divided by 144?
26
What is the remainder when 23 is divided by 6?
5
Calculate the remainder when 159 is divided by 5.
4
What is the remainder when 125 is divided by 2?
1
Calculate the remainder when 7071 is divided by 9.
6
Calculate the remainder when 789 is divided by 113.
111
Calculate the remainder when 210 is divided by 52.
2
What is the remainder when 517 is divided by 474?
43
Calculate the remainder when 133 is divided by 29.
17
Calculate the remainder when 292 is divided by 37.
33
What is the remainder when 5827 is divided by 11?
8
What is the remainder when 688 is divided by 13?
12
Calculate the remainder when 143 is divided by 26.
13
Calculate the remainder when 810 is divided by 19.
12
Calculate the remainder when 667 is divided by 55.
7
What is the remainder when 312 is divided by 7?
4
What is the remainder when 590 is divided by 18?
14
Calculate the remainder when 1019 is divided by 3.
2
Calculate the remainder when 938 is divided by 929.
9
What is the remainder when 337 is divided by 26?
25
What is the remainder when 2098 is divided by 31?
21
What is the remainder when 3481 is divided by 43?
41
Calculate the remainder when 178 is divided by 12.
10
Calculate the remainder when 12267 is divided by 15.
12
Calculate the remainder when 145 is divided by 83.
62
Calculate the remainder when 96 is divided by 20.
16
Calculate the remainder when 177 is divided by 12.
9
Calculate the remainder when 462 is divided by 50.
12
Calculate the remainder when 113 is divided by 23.
21
Calculate the remainder when 689 is divided by 15.
14
Calculate the remainder when 45 is divided by 41.
4
Calculate the remainder when 149 is divided by 90.
59
Calculate the remainder when 1100 is divided by 300.
200
What is the remainder when 792 is divided by 407?
385
What is the remainder when 371 is divided by 75?
71
What is the remainder when 950 is divided by 94?
10
Calculate the remainder when 11441 is divided by 108.
101
What is the remainder when 480 is divided by 84?
60
What is the remainder when 67 is divided by 41?
26
Calculate the remainder when 347 is divided by 13.
9
Calculate the remainder when 478 is divided by 12.
10
What is the remainder when 1241 is divided by 9?
8
What is the remainder when 719 is divided by 12?
11
What is the remainder when 838 is divided by 70?
68
Calculate the remainder when 108 is divided by 25.
8
What is the remainder when 1953 is divided by 27?
9
Calculate the remainder when 107 is divided by 42.
23
What is the remainder when 32 is divided by 12?
8
What is the remainder when 978 is divided by 11?
10
Calculate the remainder when 147 is divided by 42.
21
What is the remainder when 480 is divided by 124?
108
What is the remainder when 3127 is divided by 18?
13
Calculate the remainder when 1234 is divided by 26.
12
Calculate the remainder when 638 is divided by 92.
86
Calculate the remainder when 934 is divided by 431.
72
Calculate the remainder when 119 is divided by 51.
17
Calculate the remainder when 439 is divided by 7.
5
Calculate the remainder when 325 is divided by 76.
21
Calculate the remainder when 4659 is divided by 55.
39
What is the remainder when 805 is divided by 100?
5
Calculate the remainder when 52 is divided by 11.
8
Calculate the remainder when 850 is divided by 468.
382
Calculate the remainder when 3538 is divided by 15.
13
What is the remainder when 82 is divided by 77?
5
Calculate the remainder when 449 is divided by 12.
5
What is the remainder when 695 is divided by 12?
11
Calculate the remainder when 682 is divided by 204.
70
Calculate the remainder when 67 is divided by 18.
13
Calculate the remainder when 900 is divided by 62.
32
Calculate the remainder when 938 is divided by 156.
2
What is the remainder when 2540 is divided by 134?
128
What is the remainder when 32 is divided by 4?
0
Calculate the remainder when 10483 is divided by 76.
71
Calculate the remainder when 975 is divided by 242.
7
Calculate the remainder when 17 is divided by 8.
1
Calculate the remainder when 1346 is divided by 50.
46
Calculate the